{"id":426,"date":"2025-06-04T15:34:48","date_gmt":"2025-06-04T15:34:48","guid":{"rendered":"https:\/\/oben.com.br\/fortunee\/?page_id=426"},"modified":"2025-06-27T14:58:30","modified_gmt":"2025-06-27T14:58:30","slug":"galeria","status":"publish","type":"page","link":"https:\/\/oben.com.br\/fortunee\/galeria\/","title":{"rendered":"Galeria"},"content":{"rendered":"\t\t<div data-elementor-type=\"wp-page\" data-elementor-id=\"426\" class=\"elementor elementor-426\" data-elementor-post-type=\"page\">\n\t\t\t\t<div class=\"elementor-element elementor-element-3ad125b e-flex e-con-boxed e-con e-parent\" data-id=\"3ad125b\" data-element_type=\"container\" data-settings=\"{&quot;background_background&quot;:&quot;gradient&quot;,&quot;shape_divider_bottom&quot;:&quot;waves&quot;}\">\n\t\t\t\t\t<div class=\"e-con-inner\">\n\t\t\t\t<div class=\"elementor-shape elementor-shape-bottom\" aria-hidden=\"true\" data-negative=\"false\">\n\t\t\t<svg xmlns=\"http:\/\/www.w3.org\/2000\/svg\" viewBox=\"0 0 1000 100\" preserveAspectRatio=\"none\">\n\t<path class=\"elementor-shape-fill\" d=\"M421.9,6.5c22.6-2.5,51.5,0.4,75.5,5.3c23.6,4.9,70.9,23.5,100.5,35.7c75.8,32.2,133.7,44.5,192.6,49.7\n\tc23.6,2.1,48.7,3.5,103.4-2.5c54.7-6,106.2-25.6,106.2-25.6V0H0v30.3c0,0,72,32.6,158.4,30.5c39.2-0.7,92.8-6.7,134-22.4\n\tc21.2-8.1,52.2-18.2,79.7-24.2C399.3,7.9,411.6,7.5,421.9,6.5z\"\/>\n<\/svg>\t\t<\/div>\n\t\t\t\t<div class=\"elementor-element elementor-element-13de5a1 elementor-widget elementor-widget-heading\" data-id=\"13de5a1\" data-element_type=\"widget\" data-widget_type=\"heading.default\">\n\t\t\t\t<div class=\"elementor-widget-container\">\n\t\t\t\t\t<h2 class=\"elementor-heading-title elementor-size-default\">GALERIA<\/h2>\t\t\t\t<\/div>\n\t\t\t\t<\/div>\n\t\t\t\t<div class=\"elementor-element elementor-element-f70d173 elementor-widget elementor-widget-text-editor\" data-id=\"f70d173\" data-element_type=\"widget\" data-widget_type=\"text-editor.default\">\n\t\t\t\t<div class=\"elementor-widget-container\">\n\t\t\t\t\t\t\t\t\t<p data-start=\"1171\" data-end=\"1432\">Essa galeria registra momentos que traduzem o nosso prop\u00f3sito: cuidar com dignidade, acolher com empatia e transformar vidas por meio da sa\u00fade. Cada foto revela um pouco da nossa rotina de atendimentos, das a\u00e7\u00f5es educativas, das campanhas preventivas e da parceria com institui\u00e7\u00f5es sociais. \u00c9 com alegria que compartilhamos esses registros, que mostram o impacto real do trabalho coletivo em prol das crian\u00e7as e adolescentes que mais precisam.<\/p>\t\t\t\t\t\t\t\t<\/div>\n\t\t\t\t<\/div>\n\t\t\t\t\t<\/div>\n\t\t\t\t<\/div>\n\t\t<div class=\"elementor-element elementor-element-d37ec36 e-flex e-con-boxed e-con e-parent\" data-id=\"d37ec36\" data-element_type=\"container\">\n\t\t\t\t\t<div class=\"e-con-inner\">\n\t\t\t\t<div class=\"elementor-element elementor-element-a03f9b5 elementor-widget elementor-widget-gallery\" data-id=\"a03f9b5\" data-element_type=\"widget\" data-settings=\"{&quot;gallery_layout&quot;:&quot;masonry&quot;,&quot;gap&quot;:{&quot;unit&quot;:&quot;px&quot;,&quot;size&quot;:17,&quot;sizes&quot;:[]},&quot;image_hover_animation&quot;:&quot;grow&quot;,&quot;columns_mobile&quot;:2,&quot;columns_tablet&quot;:3,&quot;gap_tablet&quot;:{&quot;unit&quot;:&quot;px&quot;,&quot;size&quot;:17,&quot;sizes&quot;:[]},&quot;lazyload&quot;:&quot;yes&quot;,&quot;columns&quot;:4,&quot;gap_mobile&quot;:{&quot;unit&quot;:&quot;px&quot;,&quot;size&quot;:10,&quot;sizes&quot;:[]},&quot;link_to&quot;:&quot;file&quot;,&quot;overlay_background&quot;:&quot;yes&quot;,&quot;content_hover_animation&quot;:&quot;fade-in&quot;}\" data-widget_type=\"gallery.default\">\n\t\t\t\t<div class=\"elementor-widget-container\">\n\t\t\t\t\t\t\t<div class=\"elementor-gallery__container\">\n\t\t\t\t\t\t\t<a class=\"e-gallery-item elementor-gallery-item elementor-animated-content\" href=\"https:\/\/oben.com.br\/fortunee\/wp-content\/uploads\/2025\/06\/0R0A9880.jpg\" data-elementor-open-lightbox=\"yes\" data-elementor-lightbox-slideshow=\"a03f9b5\" data-elementor-lightbox-title=\"0R0A9880\" data-e-action-hash=\"#elementor-action%3Aaction%3Dlightbox%26settings%3DeyJpZCI6NDM3LCJ1cmwiOiJodHRwczpcL1wvb2Jlbi5jb20uYnJcL2ZvcnR1bmVlXC93cC1jb250ZW50XC91cGxvYWRzXC8yMDI1XC8wNlwvMFIwQTk4ODAuanBnIiwic2xpZGVzaG93IjoiYTAzZjliNSJ9\">\n\t\t\t\t\t<div class=\"e-gallery-image elementor-gallery-item__image\" data-thumbnail=\"https:\/\/oben.com.br\/fortunee\/wp-content\/uploads\/2025\/06\/0R0A9880-300x199.jpg\" data-width=\"300\" data-height=\"199\" aria-label=\"\" role=\"img\" ><\/div>\n\t\t\t\t\t\t\t\t\t\t\t<div class=\"elementor-gallery-item__overlay\"><\/div>\n\t\t\t\t\t\t\t\t\t\t\t\t\t\t<\/a>\n\t\t\t\t\t\t\t<a class=\"e-gallery-item elementor-gallery-item elementor-animated-content\" href=\"https:\/\/oben.com.br\/fortunee\/wp-content\/uploads\/2025\/06\/0R0A9779.jpg\" data-elementor-open-lightbox=\"yes\" data-elementor-lightbox-slideshow=\"a03f9b5\" data-elementor-lightbox-title=\"0R0A9779\" data-e-action-hash=\"#elementor-action%3Aaction%3Dlightbox%26settings%3DeyJpZCI6NDM2LCJ1cmwiOiJodHRwczpcL1wvb2Jlbi5jb20uYnJcL2ZvcnR1bmVlXC93cC1jb250ZW50XC91cGxvYWRzXC8yMDI1XC8wNlwvMFIwQTk3NzkuanBnIiwic2xpZGVzaG93IjoiYTAzZjliNSJ9\">\n\t\t\t\t\t<div class=\"e-gallery-image elementor-gallery-item__image\" data-thumbnail=\"https:\/\/oben.com.br\/fortunee\/wp-content\/uploads\/2025\/06\/0R0A9779-300x232.jpg\" data-width=\"300\" data-height=\"232\" aria-label=\"\" role=\"img\" ><\/div>\n\t\t\t\t\t\t\t\t\t\t\t<div class=\"elementor-gallery-item__overlay\"><\/div>\n\t\t\t\t\t\t\t\t\t\t\t\t\t\t<\/a>\n\t\t\t\t\t\t\t<a class=\"e-gallery-item elementor-gallery-item elementor-animated-content\" href=\"https:\/\/oben.com.br\/fortunee\/wp-content\/uploads\/2025\/06\/0R0A0909.jpg\" data-elementor-open-lightbox=\"yes\" data-elementor-lightbox-slideshow=\"a03f9b5\" data-elementor-lightbox-title=\"0R0A0909\" data-e-action-hash=\"#elementor-action%3Aaction%3Dlightbox%26settings%3DeyJpZCI6NDMwLCJ1cmwiOiJodHRwczpcL1wvb2Jlbi5jb20uYnJcL2ZvcnR1bmVlXC93cC1jb250ZW50XC91cGxvYWRzXC8yMDI1XC8wNlwvMFIwQTA5MDkuanBnIiwic2xpZGVzaG93IjoiYTAzZjliNSJ9\">\n\t\t\t\t\t<div class=\"e-gallery-image elementor-gallery-item__image\" data-thumbnail=\"https:\/\/oben.com.br\/fortunee\/wp-content\/uploads\/2025\/06\/0R0A0909-222x300.jpg\" data-width=\"222\" data-height=\"300\" aria-label=\"\" role=\"img\" ><\/div>\n\t\t\t\t\t\t\t\t\t\t\t<div class=\"elementor-gallery-item__overlay\"><\/div>\n\t\t\t\t\t\t\t\t\t\t\t\t\t\t<\/a>\n\t\t\t\t\t\t\t<a class=\"e-gallery-item elementor-gallery-item elementor-animated-content\" href=\"https:\/\/oben.com.br\/fortunee\/wp-content\/uploads\/2025\/06\/0R0A1172.jpg\" data-elementor-open-lightbox=\"yes\" data-elementor-lightbox-slideshow=\"a03f9b5\" data-elementor-lightbox-title=\"0R0A1172\" data-e-action-hash=\"#elementor-action%3Aaction%3Dlightbox%26settings%3DeyJpZCI6NDMzLCJ1cmwiOiJodHRwczpcL1wvb2Jlbi5jb20uYnJcL2ZvcnR1bmVlXC93cC1jb250ZW50XC91cGxvYWRzXC8yMDI1XC8wNlwvMFIwQTExNzIuanBnIiwic2xpZGVzaG93IjoiYTAzZjliNSJ9\">\n\t\t\t\t\t<div class=\"e-gallery-image elementor-gallery-item__image\" data-thumbnail=\"https:\/\/oben.com.br\/fortunee\/wp-content\/uploads\/2025\/06\/0R0A1172-300x230.jpg\" data-width=\"300\" data-height=\"230\" aria-label=\"\" role=\"img\" ><\/div>\n\t\t\t\t\t\t\t\t\t\t\t<div class=\"elementor-gallery-item__overlay\"><\/div>\n\t\t\t\t\t\t\t\t\t\t\t\t\t\t<\/a>\n\t\t\t\t\t\t\t<a class=\"e-gallery-item elementor-gallery-item elementor-animated-content\" href=\"https:\/\/oben.com.br\/fortunee\/wp-content\/uploads\/2025\/06\/IMG_9806.jpg\" data-elementor-open-lightbox=\"yes\" data-elementor-lightbox-slideshow=\"a03f9b5\" data-elementor-lightbox-title=\"IMG_9806\" data-e-action-hash=\"#elementor-action%3Aaction%3Dlightbox%26settings%3DeyJpZCI6NDQzLCJ1cmwiOiJodHRwczpcL1wvb2Jlbi5jb20uYnJcL2ZvcnR1bmVlXC93cC1jb250ZW50XC91cGxvYWRzXC8yMDI1XC8wNlwvSU1HXzk4MDYuanBnIiwic2xpZGVzaG93IjoiYTAzZjliNSJ9\">\n\t\t\t\t\t<div class=\"e-gallery-image elementor-gallery-item__image\" data-thumbnail=\"https:\/\/oben.com.br\/fortunee\/wp-content\/uploads\/2025\/06\/IMG_9806-225x300.jpg\" data-width=\"225\" data-height=\"300\" aria-label=\"\" role=\"img\" ><\/div>\n\t\t\t\t\t\t\t\t\t\t\t<div class=\"elementor-gallery-item__overlay\"><\/div>\n\t\t\t\t\t\t\t\t\t\t\t\t\t\t<\/a>\n\t\t\t\t\t\t\t<a class=\"e-gallery-item elementor-gallery-item elementor-animated-content\" href=\"https:\/\/oben.com.br\/fortunee\/wp-content\/uploads\/2025\/06\/associacaofortunee-138.jpg\" data-elementor-open-lightbox=\"yes\" data-elementor-lightbox-slideshow=\"a03f9b5\" data-elementor-lightbox-title=\"associacaofortunee-138\" data-e-action-hash=\"#elementor-action%3Aaction%3Dlightbox%26settings%3DeyJpZCI6NDM5LCJ1cmwiOiJodHRwczpcL1wvb2Jlbi5jb20uYnJcL2ZvcnR1bmVlXC93cC1jb250ZW50XC91cGxvYWRzXC8yMDI1XC8wNlwvYXNzb2NpYWNhb2ZvcnR1bmVlLTEzOC5qcGciLCJzbGlkZXNob3ciOiJhMDNmOWI1In0%3D\">\n\t\t\t\t\t<div class=\"e-gallery-image elementor-gallery-item__image\" data-thumbnail=\"https:\/\/oben.com.br\/fortunee\/wp-content\/uploads\/2025\/06\/associacaofortunee-138-200x300.jpg\" data-width=\"200\" data-height=\"300\" aria-label=\"\" role=\"img\" ><\/div>\n\t\t\t\t\t\t\t\t\t\t\t<div class=\"elementor-gallery-item__overlay\"><\/div>\n\t\t\t\t\t\t\t\t\t\t\t\t\t\t<\/a>\n\t\t\t\t\t\t\t<a class=\"e-gallery-item elementor-gallery-item elementor-animated-content\" href=\"https:\/\/oben.com.br\/fortunee\/wp-content\/uploads\/2025\/06\/associacaofortunee-177.jpg\" data-elementor-open-lightbox=\"yes\" data-elementor-lightbox-slideshow=\"a03f9b5\" data-elementor-lightbox-title=\"associacaofortunee-177\" data-e-action-hash=\"#elementor-action%3Aaction%3Dlightbox%26settings%3DeyJpZCI6NDQwLCJ1cmwiOiJodHRwczpcL1wvb2Jlbi5jb20uYnJcL2ZvcnR1bmVlXC93cC1jb250ZW50XC91cGxvYWRzXC8yMDI1XC8wNlwvYXNzb2NpYWNhb2ZvcnR1bmVlLTE3Ny5qcGciLCJzbGlkZXNob3ciOiJhMDNmOWI1In0%3D\">\n\t\t\t\t\t<div class=\"e-gallery-image elementor-gallery-item__image\" data-thumbnail=\"https:\/\/oben.com.br\/fortunee\/wp-content\/uploads\/2025\/06\/associacaofortunee-177-200x300.jpg\" data-width=\"200\" data-height=\"300\" aria-label=\"\" role=\"img\" ><\/div>\n\t\t\t\t\t\t\t\t\t\t\t<div class=\"elementor-gallery-item__overlay\"><\/div>\n\t\t\t\t\t\t\t\t\t\t\t\t\t\t<\/a>\n\t\t\t\t\t\t\t<a class=\"e-gallery-item elementor-gallery-item elementor-animated-content\" href=\"https:\/\/oben.com.br\/fortunee\/wp-content\/uploads\/2025\/06\/0R0A1088.jpg\" data-elementor-open-lightbox=\"yes\" data-elementor-lightbox-slideshow=\"a03f9b5\" data-elementor-lightbox-title=\"0R0A1088\" data-e-action-hash=\"#elementor-action%3Aaction%3Dlightbox%26settings%3DeyJpZCI6NDMxLCJ1cmwiOiJodHRwczpcL1wvb2Jlbi5jb20uYnJcL2ZvcnR1bmVlXC93cC1jb250ZW50XC91cGxvYWRzXC8yMDI1XC8wNlwvMFIwQTEwODguanBnIiwic2xpZGVzaG93IjoiYTAzZjliNSJ9\">\n\t\t\t\t\t<div class=\"e-gallery-image elementor-gallery-item__image\" data-thumbnail=\"https:\/\/oben.com.br\/fortunee\/wp-content\/uploads\/2025\/06\/0R0A1088-255x300.jpg\" data-width=\"255\" data-height=\"300\" aria-label=\"\" role=\"img\" ><\/div>\n\t\t\t\t\t\t\t\t\t\t\t<div class=\"elementor-gallery-item__overlay\"><\/div>\n\t\t\t\t\t\t\t\t\t\t\t\t\t\t<\/a>\n\t\t\t\t\t\t\t<a class=\"e-gallery-item elementor-gallery-item elementor-animated-content\" href=\"https:\/\/oben.com.br\/fortunee\/wp-content\/uploads\/2025\/06\/0R0A1137.jpg\" data-elementor-open-lightbox=\"yes\" data-elementor-lightbox-slideshow=\"a03f9b5\" data-elementor-lightbox-title=\"0R0A1137\" data-e-action-hash=\"#elementor-action%3Aaction%3Dlightbox%26settings%3DeyJpZCI6NDMyLCJ1cmwiOiJodHRwczpcL1wvb2Jlbi5jb20uYnJcL2ZvcnR1bmVlXC93cC1jb250ZW50XC91cGxvYWRzXC8yMDI1XC8wNlwvMFIwQTExMzcuanBnIiwic2xpZGVzaG93IjoiYTAzZjliNSJ9\">\n\t\t\t\t\t<div class=\"e-gallery-image elementor-gallery-item__image\" data-thumbnail=\"https:\/\/oben.com.br\/fortunee\/wp-content\/uploads\/2025\/06\/0R0A1137-300x300.jpg\" data-width=\"300\" data-height=\"300\" aria-label=\"\" role=\"img\" ><\/div>\n\t\t\t\t\t\t\t\t\t\t\t<div class=\"elementor-gallery-item__overlay\"><\/div>\n\t\t\t\t\t\t\t\t\t\t\t\t\t\t<\/a>\n\t\t\t\t\t\t\t<a class=\"e-gallery-item elementor-gallery-item elementor-animated-content\" href=\"https:\/\/oben.com.br\/fortunee\/wp-content\/uploads\/2025\/06\/DSC_7225.jpg\" data-elementor-open-lightbox=\"yes\" data-elementor-lightbox-slideshow=\"a03f9b5\" data-elementor-lightbox-title=\"DSC_7225\" data-e-action-hash=\"#elementor-action%3Aaction%3Dlightbox%26settings%3DeyJpZCI6NDQyLCJ1cmwiOiJodHRwczpcL1wvb2Jlbi5jb20uYnJcL2ZvcnR1bmVlXC93cC1jb250ZW50XC91cGxvYWRzXC8yMDI1XC8wNlwvRFNDXzcyMjUuanBnIiwic2xpZGVzaG93IjoiYTAzZjliNSJ9\">\n\t\t\t\t\t<div class=\"e-gallery-image elementor-gallery-item__image\" data-thumbnail=\"https:\/\/oben.com.br\/fortunee\/wp-content\/uploads\/2025\/06\/DSC_7225-300x199.jpg\" data-width=\"300\" data-height=\"199\" aria-label=\"\" role=\"img\" ><\/div>\n\t\t\t\t\t\t\t\t\t\t\t<div class=\"elementor-gallery-item__overlay\"><\/div>\n\t\t\t\t\t\t\t\t\t\t\t\t\t\t<\/a>\n\t\t\t\t\t\t\t<a class=\"e-gallery-item elementor-gallery-item elementor-animated-content\" href=\"https:\/\/oben.com.br\/fortunee\/wp-content\/uploads\/2025\/06\/DSC_7143.jpg\" data-elementor-open-lightbox=\"yes\" data-elementor-lightbox-slideshow=\"a03f9b5\" data-elementor-lightbox-title=\"DSC_7143\" data-e-action-hash=\"#elementor-action%3Aaction%3Dlightbox%26settings%3DeyJpZCI6NDQxLCJ1cmwiOiJodHRwczpcL1wvb2Jlbi5jb20uYnJcL2ZvcnR1bmVlXC93cC1jb250ZW50XC91cGxvYWRzXC8yMDI1XC8wNlwvRFNDXzcxNDMuanBnIiwic2xpZGVzaG93IjoiYTAzZjliNSJ9\">\n\t\t\t\t\t<div class=\"e-gallery-image elementor-gallery-item__image\" data-thumbnail=\"https:\/\/oben.com.br\/fortunee\/wp-content\/uploads\/2025\/06\/DSC_7143-300x199.jpg\" data-width=\"300\" data-height=\"199\" aria-label=\"\" role=\"img\" ><\/div>\n\t\t\t\t\t\t\t\t\t\t\t<div class=\"elementor-gallery-item__overlay\"><\/div>\n\t\t\t\t\t\t\t\t\t\t\t\t\t\t<\/a>\n\t\t\t\t\t\t\t<a class=\"e-gallery-item elementor-gallery-item elementor-animated-content\" href=\"https:\/\/oben.com.br\/fortunee\/wp-content\/uploads\/2025\/06\/0R0A9701.jpg\" data-elementor-open-lightbox=\"yes\" data-elementor-lightbox-slideshow=\"a03f9b5\" data-elementor-lightbox-title=\"0R0A9701\" data-e-action-hash=\"#elementor-action%3Aaction%3Dlightbox%26settings%3DeyJpZCI6NDM0LCJ1cmwiOiJodHRwczpcL1wvb2Jlbi5jb20uYnJcL2ZvcnR1bmVlXC93cC1jb250ZW50XC91cGxvYWRzXC8yMDI1XC8wNlwvMFIwQTk3MDEuanBnIiwic2xpZGVzaG93IjoiYTAzZjliNSJ9\">\n\t\t\t\t\t<div class=\"e-gallery-image elementor-gallery-item__image\" data-thumbnail=\"https:\/\/oben.com.br\/fortunee\/wp-content\/uploads\/2025\/06\/0R0A9701-300x213.jpg\" data-width=\"300\" data-height=\"213\" aria-label=\"\" role=\"img\" ><\/div>\n\t\t\t\t\t\t\t\t\t\t\t<div class=\"elementor-gallery-item__overlay\"><\/div>\n\t\t\t\t\t\t\t\t\t\t\t\t\t\t<\/a>\n\t\t\t\t\t\t\t<a class=\"e-gallery-item elementor-gallery-item elementor-animated-content\" href=\"https:\/\/oben.com.br\/fortunee\/wp-content\/uploads\/2025\/06\/0R0A9763.jpg\" data-elementor-open-lightbox=\"yes\" data-elementor-lightbox-slideshow=\"a03f9b5\" data-elementor-lightbox-title=\"0R0A9763\" data-e-action-hash=\"#elementor-action%3Aaction%3Dlightbox%26settings%3DeyJpZCI6NDM1LCJ1cmwiOiJodHRwczpcL1wvb2Jlbi5jb20uYnJcL2ZvcnR1bmVlXC93cC1jb250ZW50XC91cGxvYWRzXC8yMDI1XC8wNlwvMFIwQTk3NjMuanBnIiwic2xpZGVzaG93IjoiYTAzZjliNSJ9\">\n\t\t\t\t\t<div class=\"e-gallery-image elementor-gallery-item__image\" data-thumbnail=\"https:\/\/oben.com.br\/fortunee\/wp-content\/uploads\/2025\/06\/0R0A9763-300x213.jpg\" data-width=\"300\" data-height=\"213\" aria-label=\"\" role=\"img\" ><\/div>\n\t\t\t\t\t\t\t\t\t\t\t<div class=\"elementor-gallery-item__overlay\"><\/div>\n\t\t\t\t\t\t\t\t\t\t\t\t\t\t<\/a>\n\t\t\t\t\t<\/div>\n\t\t\t\t\t<\/div>\n\t\t\t\t<\/div>\n\t\t\t\t\t<\/div>\n\t\t\t\t<\/div>\n\t\t\t\t<\/div>\n\t\t","protected":false},"excerpt":{"rendered":"<p>GALERIA Essa galeria registra momentos que traduzem o nosso prop\u00f3sito: cuidar com dignidade, acolher com empatia e transformar vidas por meio da sa\u00fade. Cada foto revela um pouco da nossa rotina de atendimentos, das a\u00e7\u00f5es educativas, das campanhas preventivas e da parceria com institui\u00e7\u00f5es sociais. \u00c9 com alegria que compartilhamos esses registros, que mostram o [&hellip;]<\/p>\n","protected":false},"author":1,"featured_media":0,"parent":0,"menu_order":0,"comment_status":"closed","ping_status":"closed","template":"elementor_header_footer","meta":{"footnotes":""},"class_list":["post-426","page","type-page","status-publish","hentry"],"_links":{"self":[{"href":"https:\/\/oben.com.br\/fortunee\/wp-json\/wp\/v2\/pages\/426","targetHints":{"allow":["GET"]}}],"collection":[{"href":"https:\/\/oben.com.br\/fortunee\/wp-json\/wp\/v2\/pages"}],"about":[{"href":"https:\/\/oben.com.br\/fortunee\/wp-json\/wp\/v2\/types\/page"}],"author":[{"embeddable":true,"href":"https:\/\/oben.com.br\/fortunee\/wp-json\/wp\/v2\/users\/1"}],"replies":[{"embeddable":true,"href":"https:\/\/oben.com.br\/fortunee\/wp-json\/wp\/v2\/comments?post=426"}],"version-history":[{"count":24,"href":"https:\/\/oben.com.br\/fortunee\/wp-json\/wp\/v2\/pages\/426\/revisions"}],"predecessor-version":[{"id":1012,"href":"https:\/\/oben.com.br\/fortunee\/wp-json\/wp\/v2\/pages\/426\/revisions\/1012"}],"wp:attachment":[{"href":"https:\/\/oben.com.br\/fortunee\/wp-json\/wp\/v2\/media?parent=426"}],"curies":[{"name":"wp","href":"https:\/\/api.w.org\/{rel}","templated":true}]}}